uppose -4 = -4*h + 3*k, -5*k - w = -3*h + 3. Determine y(h).
17
Let c(d) be the first derivative of -d**4/4 + 2*d**3/3 + d**2 - 4*d - 1. Let u = -12 - -15. Calculate c(u).
-7
Let m(y) = 6*y + 1. Let f(p) be the second derivative of -p**5/20 + 4*p**4/3 + 17*p**3/6 + p**2/2 - 2*p. Let w be f(17). Determine m(w).
7
Let n(l) = 6*l + 3. Suppose -3*o + 3 = -0. Let g = 61 + -64. Let q = g + o. Determine n(q).
-9
Let k(g) = -2*g**2 + 2 - 3 - g - 2 - 8*g**3 + 7*g**3. Let o be k(-3). Suppose -2*j - j + o = 0. Let f(x) = -2*x + 3. Give f(j).
-3
Let p(f) = -f**3 - 11*f**2 - 13*f - 18. Let b be -15 - (-3 + 4/(-9 + 7)). What is p(b)?
12
Let k(p) = -p**2 - 3*p + 2. Let f be k(-3). Let o(h) = 5*h**3 - 4*h**2 + 4. Let n be o(2). Let b(c) = 2*c - 30 + n + c. Calculate b(f).
4
Let u(f) = 7*f**2 - f. Let n = -310 + 311. What is u(n)?
6
Let t(m) = 0*m**2 + 4 - 1 + 6*m**2 - m**3 - 9*m**2 - 4. Give t(-4).
15
Let m(h) = h**2 - 6*h - 1. Let r be m(7). Suppose -3*w = j - 6, r*j = j - 2*w + 17. Let n(v) = j*v - 3 + 1 - 4*v + 6*v. What is n(3)?
13
Let m(f) = -f**3 - 9*f**2 + 6*f + 1. Let l(z) = 3*z**3 + 27*z**2 - 17*z - 3. Let v(p) = -6*l(p) - 17*m(p). What is v(-9)?
1
Let o = 14 + -7. Suppose 0 = -3*x - 2*m - o, 3*x = -4*m - 3 + 4. Let i(d) = -d**3 - 6*d**2 - 5*d - 2. What is i(x)?
-2
Let w(o) = -o - 3. Let x be (-1)/(-3 - -3 - 1)*14. Suppose -11*n - x = 30. Calculate w(n).
1
Let t(b) = -5*b**3 - 2*b**2 - b. Let f(l) = -l**2 - 7*l + 3. Let w be f(-7). Suppose -w*m = m - 32. Let a = m + -9. Calculate t(a).
4
Let o(p) = p**2 - 3*p - 4. Let g be o(-2). Let f be 1/(3 - 15/6). Let m(j) = j**2 - j - 1 - 3*j + f*j**2 - 2*j**2. Give m(g).
11
Let p(f) = -13*f**2 - 1. Suppose 0 = y - 5*x - 31, 0 = -3*y + x + 10 + 13. Suppose y*m - 1 = 5*m. Determine p(m).
-14
Let u(t) be the second derivative of 1/2*t**3 - 1/12*t**4 - 3*t + 2*t**2 + 0. Let l be (-6)/(2*3/(-3)). Give u(l).
4
Let s(u) = -15*u - 1. Suppose -44*c + 58 = 146. Give s(c).
29
Let h(w) = 10*w**3 + 6*w**2 + 6*w. Let m(c) = 7*c**3 + 4*c**2 + 4*c. Let p(b) = 5*h(b) - 7*m(b). Suppose 3*j = -3*z - 25 + 7, 3 = -6*z + 5*j. Calculate p(z).
-15
Let p be (2328/(-1067))/((-4)/22). Let n(a) = a - 9. Determine n(p).
3
Let p(i) be the first derivative of -i**3/3 + 13*i**2/2 - 29*i + 463. Calculate p(9).
7
Let y(w) = w**2 + 6*w - 5. Suppose 2 = u - 14. Let d = u - 22. Give y(d).
-5
Let f(j) = 4*j**3 - 6*j**2 - 3*j**3 + 2 + 0*j**3 + 5*j**2 - 6*j**2. Determine f(7).
2
Let b(h) be the first derivative of -3*h + 3*h - 2*h - 5 + 0*h**2 + h**2. Determine b(2).
2
Let z(t) = 10*t - t**3 - 40*t**2 - 30*t**2 + 74*t**2 - 7 - 4*t. What is z(5)?
-2
Let q(t) = -t + 7. Let y be (11/(-2))/((-5)/10). Let d be q(y). Let v(c) be the first derivative of -c**4/4 - 5*c**3/3 - c**2/2 + 2*c + 14. Calculate v(d).
-10
Let w(k) be the first derivative of -k**3/3 + k**2/2 - 46. Determine w(-1).
-2
Let u(a) = -a**3 + 8*a**2 + 2*a. Suppose -s + 3*s = 16. Let d be u(s). Let l = d + -15. Let z(v) = 4*v. Determine z(l).
4
Let c = 97/100 - 18/25. Let w(l) be the second derivative of -4*l + 0 - 1/12*l**4 - 1/6*l**3 - c*l**5 + 0*l**2. What is w(-1)?
5
Let m(k) = -2*k**2 + 11*k + 11. Let c(n) = -n**2 + 5*n + 5. Let d(v) = -13*c(v) + 6*m(v). Let b be (0 + 1)/((-4)/(-8) + -1). Give d(b).
3
Let k(r) = -r**2 + 10*r + 14. Let y be k(11). Let o(j) = j**3 - j**2 - 3*j + 1. What is o(y)?
10
Let a(j) = 974 + j**3 - 8*j - 499 - 486 + 7*j**2. Let z be (-2)/3*12/1. Determine a(z).
-11
Let l be (1 + (-3)/3)/2. Let b(m) = 4*m + l*m + 2*m**2 - 6*m. Let g be 64/(-36) + 2/(-9). What is b(g)?
12
Let z(g) be the second derivative of 5/12*g**4 - 1/20*g**5 + 0*g**2 + 0*g**3 + 2*g + 24. Suppose -29 = -5*n - 4*p - 0*p, 2*p = n - 3. What is z(n)?
0
Suppose 3*g - 12 = -0*g. Let d(n) be the second derivative of n**6/360 - n**5/40 + 3*n**4/4 - 7*n. Let m(k) be the third derivative of d(k). Calculate m(g).
5
Let i = 4 - 2. Suppose -4 = i*s + 4. Let g(y) = 5*y**3 - 10*y - 13. Let b(n) = 9*n**3 + n**2 - 18*n - 24. Let u(p) = -4*b(p) + 7*g(p). What is u(s)?
-3
Let m(i) = 2*i**2 - 24*i + 60. Let j be m(3). Let h(o) = o**3 - 6*o**2 - o - 3. What is h(j)?
-9
Let j(t) = t**2 - t. Let l be j(-2). Let x(y) = 1046*y**2 + 5*y - y**3 - 2081*y**2 + 1040*y**2 + 3. Calculate x(l).
-3
Let n = 14 + -10. Let y(g) = g**2 + 0*g - n - 4*g + 5*g. Suppose 2 = 4*u + 14. Give y(u).
2
Let m be (-5)/(2 - 4/4). Let k = 9 + 2. Let i = m + k. Let p(j) = j**3 - 5*j**2 - 7*j. Determine p(i).
-6
Let p(j) = j**3 - 5*j**2 - 5*j - 8. Let d(h) = 9*h**3 + 1. Let b(r) = -r**2 + 3*r + 5. Let n be b(4). Let a be d(n). Suppose -6*g + a = -26. Determine p(g).
-2
Let n(d) = -92*d + 33*d + 33*d + 3 + 32*d. Calculate n(6).
39
Let p = 437 + -439. Let f(d) = 6*d + 3. Determine f(p).
-9
Suppose 2*o - 5*u - 11 = 0, -o = -0*u - 3*u - 5. Let x(a) = a**3 - 8*a**2 - 3. Determine x(o).
-3
Let r(d) be the third derivative of -d**6/120 - 3*d**5/20 + d**3/6 + 24*d**2. What is r(-9)?
1
Let t(g) = -g**3 + 7*g**2 + 5*g - 18. Let b be 5 + -10 - 36/(-6) - -6. Give t(b).
17
Suppose -38*t + 34*t + 12 = 0. Let d(k) = -37*k - t + 74*k - 2*k**2 - 33*k. Determine d(3).
-9
Let m(w) = 1 + 1 - 5*w**2 + 43067*w - 43070*w + 0*w**2. Calculate m(3).
-52
Let b = -24 - -33. Let a be (-132)/20 - (b/(-5))/3. Let m(t) = -t**2 - 6*t - 4. What is m(a)?
-4
Let o(m) = m**2 + 4*m + 1. Suppose -q = 3*y + 41, 7*y - 8*y = 2*q + 77. Let z be (1 - -1) + (4 - 22). Let d be q/8 - (-4)/z. Give o(d).
6
Let q(s) be the second derivative of s**4/12 - s**3/6 - s**2 - 3*s. Let o(h) = h**3 - 9*h**2 + 8*h - 3. Let k be o(8). Determine q(k).
10
Let u be 6 + ((-100)/10 - -12). Let k(b) be the first derivative of b**3/3 - 5*b**2 + 12*b - 1. What is k(u)?
-4
Let o(b) be the second derivative of b**5/20 - 3*b**4/4 - 5*b**3/3 + 7*b**2/2 - b. Let r(a) = a**3 - 4*a**2 - 32*a + 130. Let t be r(6). Determine o(t).
7
Let r(y) = y**2 - 9*y - 7. Let u = 567 + -559. Determine r(u).
-15
Let b(d) = d**2 + 8*d - 5. Let z = 18 - 25. Let t be b(z). Let r = -18 - t. Let k(j) = -j**2 - 8*j - 6. Determine k(r).
6
Let a(k) be the second derivative of -k**5/60 + k**4/6 - 17*k**2/2 + 8*k. Let j(t) be the first derivative of a(t). Give j(3).
3
Let d = 1233367/120 - 10278. Let q(p) be the third derivative of 0 - 1/6*p**3 + 0*p + 6*p**2 - 1/12*p**4 - 1/30*p**5 - d*p**6. What is q(-1)?
6
Let i(k) = -k**2 - 18*k - 42. Suppose 60 = -91*p + 87*p. Calculate i(p).
3
Let i(x) be the second derivative of -x**5/20 - x**3/3 + x**2 + 296*x. Calculate i(2).
-10
Let d(a) be the first derivative of -a**4/4 - 4*a**3/3 - 3*a**2/2 - 5*a + 72. Let c(s) = s + 1. Let v be c(-5). What is d(v)?
7
Let v = 31 - 31. Let t(o) = -2*o**2 + 6*o**2 + v*o**2 - 3*o**2 + 7 + 6*o. Determine t(-6).
7
Let d(g) = g**2 + 4*g**2 - 77*g**3 + g + 76*g**3. Let t = 32 + -27. Give d(t).
5
Let a = 2 + -3. Let v(b) = -b**2 + b - 1. Let g(m) = 3*m**2 - 2*m + 3. Let n(k) = 2*g(k) + 5*v(k). Determine n(a).
1
Let i(g) = -43*g**3 + 2*g**2 + 7*g + 3. Let d(q) = 64*q**3 - 3*q**2 - 10*q - 4. Let z(t) = -5*d(t) - 7*i(t). What is z(1)?
-18
Let k(c) = -c**3 + 11*c**2 + c - 12. Let h = 231 + -220. Give k(h).
-1
Let f(z) = 2 + z - 2 + z**3. Let a(x) = -7*x**3 - 11 + 4*x**3 + 0*x**2 + 27*x**2 - 12*x + x**3. Let y be a(13). Give f(y).
10
Suppose l = 3*l - 18. Let p(k) = k - 11. Give p(l).
-2
Let d(m) be the first derivative of -m**3/3 + 2*m**2 + 8*m + 1. Let f(l) = l**3 - 5*l**2 - l - 1. Let n be f(5). Let k be 3 + 4/((-8)/n). What is d(k)?
-4
Suppose -3*d + d - 17 = -3*r, -4*r - 2*d = -4. Let z(u) = -29*u**r - 23*u**3 - 2*u**2 + 4*u + 51*u**3 + 3. Determine z(-2).
-5
Let q(k) be the second derivative of k**5/20 + 2*k + 33. Determine q(0).
0
Suppose -26 = -4*v - 3*c + 2*c, 12 = v + 3*c. Let t be 8/3*v/(-4). Let r be t/(-6)*60/8. Let p(a) = -4*a + 6. What is p(r)?
-14
Let z(s) = -s - 1. Suppose -5*k - w - 15 = 0, -16 + 4 = 4*k + 5*w. Let m be (35/14)/(k/(-6)). What is z(m)?
-6
Let u be ((-27)/(-18))/((-3)/(-2)). Let w(x) = 3*x**2 - 2*x. What is w(u)?
1
Let n = 439 + -436. Let i(r) be the second derivative of -7*r + r**2 + 1/6*r**n + 0. Give i(4).
6
Suppose -7*p + 20 = 3*p. Let z(c) = -2 + 3*c - 5*c - c**2 + 2*c**p. Determine z(-2).
6
Let l = -131 + 135. Suppose 0 = -3*d + d + 2*h, -l*d + 5*h = -4. Let w(i) be the second derivative of -i**3/2 - 2*i**2 + i. Determine w(d).
8
Let h(o) 